0 = b*s + r - 47 + 17, 5*s - 3*r - 50 = 0. What is the remainder when 19 is divided by s?
9
Let z = -15649 + 15749. What is the remainder when 625 is divided by z?
25
What is the remainder when (760/9)/(220/(-330))*9/(-6) is divided by 177?
13
Suppose 5*x - 1333 = 6*j, x - j = 159 + 108. Suppose q = 3*y - 26, -y = -2*y + q + 10. What is the remainder when x is divided by y?
5
Let d = -419 + 130. Let q = 445 + d. What is the remainder when q is divided by 40?
36
Let o(w) = -510*w - 1334. What is the remainder when 413 is divided by o(-3)?
21
Let g(v) = -v**2 - 18*v - 24. Let t = 111 + 53. Calculate the remainder when t is divided by g(-15).
17
Let t(x) = 3079*x + 8 + x**3 - 4 - 10*x**2 - 3078*x. Suppose 0*k - k + y + 5 = 0, -3*k + 45 = 3*y. What is the remainder when t(k) is divided by 3?
2
Suppose 7*q = 8*q - 2. Suppose -4*o + 100 = 4*c, -q*o + 5*c = c - 26. What is the remainder when 100 is divided by o?
16
Let g(j) = j**3 - 2*j**2 - 7*j + 9. Let l be g(4). Suppose -263 = l*n - 705. Calculate the remainder when 80 is divided by n.
12
Let b(u) = 3*u**3 - 19*u**2 + 8*u - 4. Let v(f) = -7*f**3 + 37*f**2 - 17*f + 8. Let g(i) = 5*b(i) + 2*v(i). What is the remainder when g(21) is divided by 41?
40
Let s(a) = a**3 - 4*a**2 - 4*a + 7. What is the remainder when 0*(11 - (-1170)/(-105)) - (-1 + -1005) is divided by s(5)?
10
Let v(j) = -51*j + 64*j - 23*j + 32. Suppose -4*o = -3*p + 49, o + o = -2*p + 56. What is the remainder when p is divided by v(2)?
11
Let d(l) = 0*l**2 + 4 - 8*l - 2*l**2 - 7 + 7. Let x be d(-4). Suppose 0 = -5*a - 3*z + 34, 4 = -a + x*z + 20. Calculate the remainder when a is divided by 2.
0
Let a(u) = 177*u - 4663. Calculate the remainder when a(34) is divided by 148.
23
Let w = -337 + 333. What is the remainder when 2*214/(-8)*w is divided by 8?
6
Let c(b) = 159*b**2 + 7*b + 8. Let t be c(-1). Suppose 8*i - t = 3*i. Suppose h - i = -3*h. Calculate the remainder when 34 is divided by h.
2
Suppose -406*a + 7146 = 1868. Calculate the remainder when 2427 is divided by a.
9
Let p(a) = -2 + 33*a**2 - 7*a + 22*a - 18*a. Calculate the remainder when 165 is divided by p(-1).
29
Let s(i) = -i**3 + 8*i**2 + 18*i - 33. What is the remainder when s(6) is divided by 87?
60
Let n(t) = 42 - 9*t - t + 10*t - 10*t + t**2. Suppose 0 = 4*d + 5*p - 59, 0 = 3*d + p - 50 + 14. What is the remainder when n(7) is divided by d?
10
Let w(d) = -10*d**2 - 541*d - 71. Let a be w(-54). Let k(j) = 1. Let v(g) = 4*g + 2. Let n(b) = 4*k(b) - v(b). What is the remainder when n(a) is divided by 15?
10
Let a(v) = 5*v**2 - 7*v - 11. Let n(h) = 8*h**2 - 13*h - 21. Let d(m) = 7*a(m) - 4*n(m). Calculate the remainder when d(-3) is divided by 2.
1
Suppose -2 = 4*i + 18. What is the remainder when 7 is divided by ((-30)/i - 3) + 2?
2
Let h = 0 + 2. Let x = -50 - -52. Suppose 4*q + h*m = 476, x*q - 3*m - m - 228 = 0. Calculate the remainder when q is divided by 30.
28
Let x(l) = 6*l**2 - 5*l - 2. What is the remainder when 390 is divided by x(-3)?
55
Suppose 0 = -17*t - 249 + 521. Let q(k) = 4*k + 7. Let z be 7*-4*(-3)/14. What is the remainder when q(z) is divided by t?
15
Suppose -o + 358 = 2*o + a, 0 = o - 2*a - 131. Let p = -145 + o. Calculate the remainder when 91 is divided by (-18)/p*-1 - 131/(-4).
27
Let v(b) = -2*b**2 - 16*b. Let c = -476 - -471. What is the remainder when 114 is divided by v(c)?
24
Suppose -20*n + 5633 = -147. What is the remainder when n is divided by 150?
139
Let u(j) = 4*j**2 - 2*j + 4. Let v be (936 - 5) + 0/(3 - 1). Suppose -9*i + v = -2*i. What is the remainder when i is divided by u(3)?
31
Suppose -v - 176 = -5*v + 4*y, -v = 4*y - 24. Let w be v/4 - 0*1/2. Suppose -w*f - 148 = -14*f. What is the remainder when 109 is divided by f?
35
Let n = -597 + 618. Suppose 0 = 31*u - 30*u - n. What is the remainder when u is divided by 11?
10
Let v(s) = 81 + 12*s + 93 - 158. Calculate the remainder when v(2) is divided by 24.
16
Suppose 4*j - 36763 = -5*u + 61756, 0 = -5*j + 30. Calculate the remainder when u is divided by 5.
4
Let j(b) be the first derivative of -4*b**2 + 391*b + 144. Calculate the remainder when 267 is divided by j(47).
12
Suppose 12 = -t + 16. Suppose 0 = -t*w + 17 + 43. Let v = w - 13. Calculate the remainder when v is divided by 1.
0
Let u = -734 + 825. Let y = 13 - 9. Calculate the remainder when u is divided by (-1131)/(-24) - y/32.
44
Let d = 54 - 54. Suppose d = -2*w + 3*x + 159, 0 = -3*w + 2*x - 0*x + 226. What is the remainder when w is divided by 37?
35
Suppose -16*l + 18*l = 58. What is the remainder when (-6)/(-9) + ((-530)/(-6) - 5) is divided by l?
26
Let s = 10640 + -10625. What is the remainder when 7498 is divided by s?
13
Let n(z) = 209*z**3 - 3*z**2 + 3*z - 1. Let v = 3925 + -3919. What is the remainder when n(1) is divided by v?
4
Let t(b) = 1846*b**2 + 15*b + 2. What is the remainder when t(-1) is divided by 140?
13
Calculate the remainder when 2309 is divided by ((-1)/5)/(148/370)*-210.
104
Let p = 2362 + -1459. Let k = -878 + p. Suppose 0 = 4*f + 5*c - 191, -3*f - c + 148 = -2*c. Calculate the remainder when f is divided by k.
24
Calculate the remainder when 86 is divided by ((2/3)/(-2))/((-16242)/1476 + 11).
4
Let d be (58/4)/(4/24). Suppose -4*l = -d - 9. What is the remainder when (-1)/2*(-268)/2 is divided by l?
19
Suppose 6*p = 2*p + z + 17, 26 = 7*p + 2*z. Calculate the remainder when 29 is divided by p.
1
Suppose 0 = -5*p - p + 48. Suppose p*z - 11*z + 39 = 0. Suppose 2*f = -5*f + 350. Calculate the remainder when f is divided by z.
11
Suppose 9*p - 3*x - 37 = 5*p, -p = 4*x - 14. Suppose p*g - 97 = 23. What is the remainder when 33 is divided by g?
9
Suppose 27*x - 32 = 22. Suppose x*b - 3 = 3*s + 26, 5*b + s = 81. What is the remainder when 56 is divided by b?
8
Suppose 0 = 12*d - 29 - 19. Calculate the remainder when 24 is divided by -15*((-19)/114 - 2/d).
4
Calculate the remainder when (24/36)/(2/903) - (-6 - -10) is divided by 36.
9
Suppose -3*r - 160 = -35*r. What is the remainder when 193 is divided by -26*(30/50)/((-2)/r)?
37
Calculate the remainder when (21/126)/((-2)/(-6))*(897 + 1) is divided by 17.
7
Let s(y) = -9*y + 159. Let p be s(15). Let d(z) = z**2 + z + 68. What is the remainder when d(p) is divided by 11?
8
Suppose -3*q + 787 = -9*m + 5*m, -5*q + 5*m + 1305 = 0. Calculate the remainder when q is divided by 88.
81
Calculate the remainder when (1479/15 - -1) + (36/(-10) - -4) is divided by 43.
14
Suppose 2*j - 96 = -5*s, -2*s + 5*j = -38 - 41. What is the remainder when 832 is divided by s?
18
Suppose 2*m = -2*d + 36, -7*d + 32*m - 36*m + 111 = 0. Let f = -84 + 137. Calculate the remainder when f is divided by d.
1
Let p(s) = 37*s + 155. Suppose 3*v = 4*k + 29, 4*k = -2*v + v + 15. Calculate the remainder when p(-1) is divided by v.
8
Let v = 4884 - 4032. What is the remainder when v is divided by 838?
14
Let a(j) = 2*j**2 + 7*j + 6. Suppose -4*r - 2*c + 302 = 0, 3786*c = 3*r + 3784*c - 251. What is the remainder when r is divided by a(-5)?
16
Calculate the remainder when 228 is divided by (5/20*-131)/(4/(-16)).
97
Suppose 26*p = 16*p - 60. Calculate the remainder when 51 is divided by (-1083)/38*4/p.
13
Let k = -3 + 1. Let u(o) = o**3 + 2*o**2 - o. Let n be u(k). Calculate the remainder when (-10)/(5/(-55)*n) is divided by 8.
7
Let d = 125 - 121. Suppose 5*t = -2*y - 317, 5*y - 20 = -0. Let h = 70 + t. What is the remainder when h is divided by d?
1
Let l(d) = d**3 + 13*d**2 - 6*d - 7. Calculate the remainder when l(-3) is divided by 100.
1
Let y = -827 + 952. Let o = -137 + 185. Calculate the remainder when y is divided by o.
29
Suppose -112*b + 106*b = -977 - 739. Calculate the remainder when 866 is divided by b.
8
Let j = 1611 + -1607. What is the remainder when 439 is divided by j?
3
Let t = -1003 + 1012. Calculate the remainder when 7919 is divided by t.
8
Suppose 5*y = -76*m + 72*m + 86, -m + 4*y = -32. Calculate the remainder when 1199 is divided by m.
23
Let d = -1623 - -2061. What is the remainder when d is divided by 28?
18
Calculate the remainder when 487 is divided by (-13 + 28)*((-318)/(-9) - 4).
17
Suppose 77 = 42*p - 41*p + 5*u, 2*p = -2*u + 130. Calculate the remainder when 1111 is divided by p.
57
Suppose 2*p + 3*k + 97 = 7*p, k + 89 = 5*p. Let u = p - 4. What is